ns digit of h/(-7) + (-14)/49?
6
Suppose 5*s - 680 = -0*s. Let x(w) = 9*w + 3. Let n be x(-8). Let i = n + s. What is the tens digit of i?
6
Let k(l) = 3*l**2 + 26*l - 2 - 25*l - 2*l**2. What is the tens digit of k(5)?
2
Let t(j) be the third derivative of -j**6/120 + j**5/3 + j**4/24 - 23*j**3/6 + 25*j**2. Let d be t(20). What is the units digit of 4*d/((-36)/339)?
3
Suppose -3 = -q - 2*v - 15, -3*q = 2*v + 16. What is the tens digit of 3/(2/(-444)*q)?
3
Let a be (8 + 0)*238/136. Suppose -a*j + 7770 = 7*j. What is the units digit of j?
0
Let r be (-2)/((-9)/(1116/8)) + -4. What is the hundreds digit of 76/(r/45 + 3/(-15))?
1
Suppose 7923 + 7224 = 3*w. Suppose -56*y - w = -67*y. What is the tens digit of y?
5
Let w = 26 + -27. Let o be 13 + 124 + 3 + (-3 - w). Suppose -4*a = 2*m - o - 256, -3*a = 3*m - 294. What is the units digit of a?
9
Suppose 0 = 5*h - 202 + 187, -54416 = -2*w + 2*h. What is the hundreds digit of w?
2
Let j(u) = 56*u**2 - 45*u + 158. What is the tens digit of j(4)?
7
Let h(s) = -s**3 + 32*s**2 - 8*s - 38. Let a(w) = -w**2 - 35*w - 119. Let p be a(-30). What is the tens digit of h(p)?
7
Suppose 24420 = 121*m - 84*m. What is the units digit of m?
0
Suppose -3*m - 3692 - 2034 = 4*t, 2 = 2*t. Let v = m + 2707. What is the units digit of v?
7
Let b(f) = 66*f**3 - f**2 + 2*f - 2. Let z(d) = -3*d - 8. Let y(k) = 2*k - 19. Let v be y(8). Let g be z(v). What is the tens digit of b(g)?
6
Suppose 5*z + 4*t - 421 = 9, -4*z + 4*t = -344. Suppose 0*r + 5*k - 105 = -5*r, 4*r + 5*k - 86 = 0. Let m = r + z. What is the hundreds digit of m?
1
Let g = -829 + 228. Let m = g - -859. What is the units digit of m?
8
Let y = -663 - -10265. What is the tens digit of y?
0
Let p(h) = -10*h**3 + 2*h**2 + 3*h + 2. Suppose 4*w - 78 = -3*v, 3*w - 84 = -2*w + 3*v. Suppose 0 = -14*k + w*k + 8. What is the units digit of p(k)?
4
What is the ten thousands digit of (-7)/((-14)/42450) + (-57 - -53)?
2
Let s(v) = -v**2 - 30*v - 139. Let j be s(-24). Suppose j*u - 2879 - 2486 = 0. What is the thousands digit of u?
1
Suppose 2*d - 5*c - 87 = 389, 2*c = -4*d + 976. Let y = d + 1834. What is the hundreds digit of y?
0
Suppose 0 = -4*m + 4, -5*d + 2*m + 3*m = -505. Let l = d + 654. What is the tens digit of l?
5
Let c(w) = 2949*w + 145. What is the hundreds digit of c(2)?
0
Let j = 1 + 3. Suppose m - j = 15. Let l = 42 - m. What is the units digit of l?
3
Suppose 28*c + 72237 = 39*c. Suppose 36 = -7*u + c. What is the hundreds digit of u?
9
Let m = -6512 + 11294. Suppose 10*u - m + 912 = 0. What is the units digit of u?
7
Let z(o) = -3*o**3 + 19*o**2 - 63*o + 20. Let g(t) = -t**3 + 9*t**2 - 31*t + 10. Let r(v) = -5*g(v) + 2*z(v). What is the hundreds digit of r(-12)?
3
What is the thousands digit of 234787/3 - 76/171*3?
8
Suppose 4*d - d = 33. Suppose -493 = -8*j + d*j + 4*a, -3*a + 306 = -2*j. Let w = j + 237. What is the tens digit of w?
7
Let w(n) = 471*n + 6703. What is the thousands digit of w(100)?
3
Let v(j) be the first derivative of 21*j**2 + 138*j + 112. What is the units digit of v(13)?
4
Suppose 53*v = 57*v - 4348. Let n = -480 + v. What is the units digit of n?
7
Suppose -330 = w - 4*w. Let t = 104 + -66. Suppose -w + t = -4*k. What is the units digit of k?
8
Let t be 41 - -5*2/(-10). Let g = -32 + t. Suppose -4*d - 4*u + 632 = 0, g*u = 9*u + 2. What is the tens digit of d?
6
Let k(a) = 54*a**2 + 133*a - 31. What is the ten thousands digit of k(25)?
3
Let g = -31 - -62. Let u = g - -4. Suppose 0 = 4*v + v - u. What is the units digit of v?
7
Let w be 13/4 - 1/4. Suppose 0 = -3*j - w, 0 = -2*k + 2*j - 50 + 232. Let z = k - 30. What is the units digit of z?
0
Suppose 5*d + 189 = 54. Let t = d + 27. Suppose -14*k + 5*k + 360 = t. What is the units digit of k?
0
Let a = 13847 + -6863. What is the hundreds digit of a?
9
Let z = -4369 - -58069. What is the units digit of z?
0
Let x(j) be the third derivative of 7*j**4/24 + 391*j**3/6 - 39*j**2. Let r be x(0). Suppose -a + r - 113 = 0. What is the units digit of a?
8
Suppose y = -3*s + 19, -18 - 12 = -5*s - 2*y. Suppose -9*u + s = -7*u. What is the tens digit of (-460)/(-16) + 1/u?
2
Suppose -24*b + 23791 + 148169 = 0. What is the thousands digit of b?
7
Let o be -5*((-782)/(-20) - 110/(-44)). What is the units digit of (o/(-364))/(2/133)?
8
Let a(x) = 142*x**3 + 3*x**2 - 1. Let t be a(1). Suppose 0 = -4*r - t - 396. Let s = -42 - r. What is the units digit of s?
3
Let s(p) = 27*p**3 - 2*p**2 - 11*p + 4. Let v be s(-5). What is the tens digit of v/(-10) - 12/20?
3
Let p(b) be the first derivative of b + 13 - 2/3*b**3 + 0*b**2 + 1/4*b**4. What is the units digit of p(2)?
1
Let w be 6 + -1 - (15 + -213). Suppose -19*g = -12*g - w. What is the units digit of g?
9
Let n(v) = -2*v + 24. Let s = 19 + -3. Let t be n(s). What is the tens digit of t/(-6) + -2 - 269/(-3)?
8
Let v = -5012 + 20300. What is the tens digit of v?
8
What is the ten thousands digit of (-1703655)/(-34)*28/21?
6
Let d(v) = 7*v + 2840. What is the hundreds digit of d(0)?
8
Let t = 16965 - 9059. What is the tens digit of t?
0
Let u be (-1*1)/(29/(-1189)). Suppose 44 = 5*q - u. What is the units digit of q?
7
Suppose 0 = 3*q - 2*b - 8179, -q + 3*b - 5457 = -3*q. Suppose 263 + q = 13*u. What is the units digit of u?
0
Suppose -391 = -5*u - 371. Suppose 1024 = 2*y - u*q + 9*q, -3*q + 6 = 0. What is the units digit of y?
7
Suppose -3*g - 6 = 0, f + f + 2 = -5*g. Suppose -f*z = d - 7521, -2*d + 5642 = 6*z - 3*z. What is the units digit of z?
0
Let f be ((-44)/(-11) - 7)*(-278)/2. Let o = -185 + f. What is the tens digit of o?
3
Suppose 5*y = v + 22, 5*v + 3*y - 19 = 11. Suppose 4*f = -4*c - 92, 0 = v*c - c - 2*f + 50. What is the units digit of 1/3 + (-64)/c?
3
What is the hundreds digit of 27586 - 1 - (36 + -23 + -9)?
5
Suppose 7*s - 11504 = -3965. Let i = s + -137. Suppose 0 = 11*t - i - 721. What is the hundreds digit of t?
1
Suppose 0 = 29*p + 408 - 178932. Suppose -21*q + 5079 + p = 0. What is the tens digit of q?
3
Let l(j) = 74*j**2 - 24*j - 241. What is the units digit of l(-9)?
9
Let y be (-124)/(-2)*-3*76/24. Let c = y + 957. What is the hundreds digit of c?
3
Let b = 20982 + 858. What is the ten thousands digit of b?
2
Let w be (-7)/(-2)*(28/(-2))/(-7). Let q(g) = 3*g - 19. Let k be q(w). Suppose 4*x + k*x - 294 = 0. What is the tens digit of x?
4
Let r = -865 + 564. Let v(c) = -51*c**2 + 2. Let t be v(2). Let d = t - r. What is the units digit of d?
9
Let z(g) = -g**3 + 38*g**2 - 43*g - 94. What is the thousands digit of z(15)?
4
Suppose 24*x + 450844 + 684332 = 111*x. What is the hundreds digit of x?
0
Let z(i) = 30*i**2 - 34*i + 38. What is the hundreds digit of z(10)?
6
Let b(x) = -6*x**3 - 18*x**2 - 5*x + 42. What is the thousands digit of b(-11)?
5
Let d be (-3)/(-6)*-2*3. Let q(i) = 73*i**2 + 11. Let j be q(d). Suppose -3*m - m = -j. What is the tens digit of m?
6
Let k(r) = -2*r**2 - 88*r - 98. Let y be k(-36). Let b = 1173 - y. What is the units digit of b?
5
Let i be 14/3*-8*(-15)/70. Suppose -i*v + 1197 = v. What is the hundreds digit of v?
1
Let m(n) = 6*n**2 - 10. Suppose -b = p - 4*p + 7, -3*b - 3 = -3*p. Let w be b*-1 - (-20 - -21). What is the tens digit of m(w)?
4
Suppose 4*y - 3271 = -5*s, -831*s + 827*s = y - 2608. What is the hundreds digit of s?
6
Suppose 0*b - 5*b - a = -66549, 39929 = 3*b + a. Suppose -2*n + 7234 = 4*m, 5*m + 4265 = -2*n + b. What is the hundreds digit of m?
8
Let h be (44/(-6))/((182/21)/13). Suppose 4*j - 433 = 239. Let s = j + h. What is the tens digit of s?
5
Suppose -2134 = -2*m - 773*a + 777*a, 5*m - 5305 = 4*a. What is the units digit of m?
7
Let s(p) = p**2 - 37*p + 327. Let m be s(23). Suppose -5*i - 5*v = -800, -1298 = -m*i - 3*v - 490. What is the units digit of i?
4
Suppose -5*a + 31 - 182 = -3*b, -3 = -3*a. Suppose -4*i - 4*s - b = -136, 3*i - s = 71. What is the tens digit of i?
2
What is the ten thousands digit of (121365440/(-175))/(-8) - (-2)/5?
8
Suppose 1162*n = -c + 1165*n + 60117, 0 = c - 4*n - 60123. What is the hundreds digit of c?
0
Suppose 0 = 2*h - 4*w + 22, -w - 2 + 4 = 3*h. Suppose -3*x + 3 = -9. What is the tens digit of (h + x/(-8))/((-9)/696)?
1
Let h(y) = y - 1. Let k(v) = -12*v + 5. Let b(s) = -4*h(s) - k(s). Let o = -187 - -202. What is the units digit of b(o)?
9